ppose 0 = m*g - 1 - 3. What is the units digit of g?
1
Suppose -5*w - 461 = -4*j, 0 = 5*j - 2*w + w - 550. What is the hundreds digit of j?
1
Suppose 0 = -16*k + 18*k - 584. What is the units digit of k?
2
Let n be (-60)/(-14) - (-4)/(-14). Let p(c) = 2*c. Let z be p(5). What is the units digit of n - 5/(z/(-6))?
7
Let i = -10 - -14. Suppose -20 - i = -o. What is the units digit of o?
4
Let k(i) = -i**2 + 13*i - 19. Let o be k(12). Let m(x) = -6 + 1 - 2*x + 12*x**2 + x**3 - 5*x**2. What is the units digit of m(o)?
9
Suppose 2*z - 8 = z. Let q = -18 + z. What is the tens digit of (-15)/q - (-19)/2?
1
Let q = -6 + 32. What is the units digit of q?
6
Let z(v) = -v**3 - 10*v**2 - 11*v - 12. Let w be z(-9). Suppose -s = -w*s + 15. Suppose -s*m = m - 28. What is the units digit of m?
7
Let n = -12 + 13. What is the units digit of n?
1
Suppose 5*z = -3*f + 123, 2*z + 28 = 3*z + 4*f. Suppose 46 - 14 = -4*r + m, 4*r + 4*m + 52 = 0. What is the units digit of 9/(-4)*z/r?
6
Let g(h) = 4*h**2 + h. Suppose -3*y - 2 = 2*o + 2, 9 = 3*o - 3*y. Let z be g(o). Suppose -4 + 14 = z*w. What is the units digit of w?
2
Suppose -3*a + 0*a + 15 = 0. Let n(k) = -8*k - 4*k + a*k - k**2 + 10 - 5*k. What is the tens digit of n(-12)?
1
Suppose z + 6 + 3 = 0. What is the units digit of 1 + 2 - (z + 5)?
7
Suppose -12 = -2*w + 16. What is the tens digit of 18/63 - (-570)/w?
4
Let n(t) = -t**3 + 6*t**2 + 6*t - 7. Let s be n(6). Let c = s + -17. What is the tens digit of c?
1
Let a(m) = -2*m**2 + 18*m. Let i be a(8). Let z = 8 + i. What is the units digit of z?
4
What is the tens digit of ((-6 - 216) + 0)/(1 - 2)?
2
Suppose -2*w + 6 = 2*h, -h = -4*w - 1 - 7. Let t = 1 + w. Suppose 20 + t = 4*n + v, 0 = -5*n + 3*v + 25. What is the units digit of n?
5
Let m = 72 + -32. What is the units digit of m?
0
Suppose -3*c - 4*u + 38 = 10, -5*c + 40 = 5*u. Suppose 5*a = c - 19. What is the units digit of (63/(-6))/a*2?
7
What is the hundreds digit of 124 + 12/(0 - 4)?
1
Suppose -715 + 30 = -5*f. What is the tens digit of f?
3
Let c(u) = -u + 36. What is the units digit of c(21)?
5
Suppose 4480 = -0*k + 14*k. What is the units digit of k?
0
Suppose -a = 2*a - 12. Suppose 3*d - 25 = -4*x, 9*d + 75 = 5*x + a*d. What is the tens digit of x?
1
Let h(c) = -c - 9. Let y be h(-10). Suppose -q + 5*a = -y + 31, -5*q - 20 = a. Let m = 9 + q. What is the units digit of m?
4
Suppose -2*q - 46 + 140 = -2*x, -2*q + x + 94 = 0. Suppose o + o - 5*k = 82, -4*k - q = -o. What is the tens digit of o?
3
Suppose -11 = -3*o - 2. Suppose u = -5*f + 15, -3*f + 1 = -2*u + u. Let j = f + o. What is the units digit of j?
5
Suppose 4*q - 3*j + 25 = -6*j, 0 = -j - 3. Let a = q - -10. Let s = a - 0. What is the units digit of s?
6
What is the units digit of 1/5 + (-76)/(-20)?
4
Suppose -5*o + 0 = -5. Let g be o + (-3 - -2*3). What is the units digit of ((-36)/(-16))/(1/g)?
9
Suppose 2*q + 3*q + 50 = 0. Let y be (q/(-4))/(1/6). Suppose 5*v + 0*v - y = 0. What is the units digit of v?
3
Let j(l) = -l**2 - 19*l - 55. What is the units digit of j(-15)?
5
Let l = -3 + 3. Suppose 5*a + h - 36 = l, 0*a + 3*a - 2*h = 32. What is the units digit of a?
8
Let o(j) be the second derivative of j**5/120 - j**4/4 - j**3/3 + j. Let t(y) be the second derivative of o(y). What is the units digit of t(11)?
5
Let x(f) = 5*f**3 + 4*f - 9. What is the units digit of x(4)?
7
Suppose -3*x = -5 - 46. Suppose 3*i - 59 = -x. What is the tens digit of i?
1
Let d(m) = -m + 6. Suppose 37 = 3*v + 1. Suppose z + v = -z. What is the tens digit of d(z)?
1
Let t(n) = -286*n + 8. What is the units digit of t(-1)?
4
Suppose 5*m - 2*m = 81. What is the tens digit of m?
2
Suppose 0 = -0*s - 3*s + 3. Let u be -1 + -12 + (-1)/s. Let t = u + 26. What is the tens digit of t?
1
Let a(g) = g**3 + g**2 + 1. Let q(i) = 3*i**3 + 9*i**2 + i + 7. Let s(j) = 4*a(j) - q(j). What is the units digit of s(6)?
7
Let n(x) = x**2 - 5*x - 1. What is the tens digit of n(8)?
2
Suppose -3*j = j - 112. Let q = j + -16. Suppose 12 + q = 4*t. What is the units digit of t?
6
What is the units digit of (-854)/(-10) - 24/60?
5
Let k be (-2)/7 - 2/(-7). Suppose -4*s + 8 = k, -16 = -3*n - 3*s + 44. What is the tens digit of n?
1
Let c = -1 + 1. Suppose 0 = -c*l - 4*l + 88. What is the units digit of l?
2
Suppose 48 = 2*l + 2*l. Suppose 0 = -j + l. What is the tens digit of j?
1
Let r = 19 + 43. What is the units digit of r?
2
Let s(p) = p**2 - 4. Let t be s(-2). What is the tens digit of (t - (1 + -24)) + 1?
2
Suppose 3*t - 4*t - f - 17 = 0, -3*f - 3 = 0. Let g(o) = -o**2 + 21*o - 28. Let b be g(20). What is the tens digit of ((-42)/b)/((-6)/t)?
1
Let k(x) = 29*x**2 - 2*x. What is the hundreds digit of k(2)?
1
Let y be ((-72)/10)/((-6)/15). Let j = 7 + y. What is the tens digit of j?
2
Suppose -4*w = -77 - 103. Let b = 2 + -2. Suppose b = o + 4*o - w. What is the units digit of o?
9
Suppose 3*l + 6 = 2*l. Let i = 1 - l. What is the units digit of i?
7
Let d(j) = 3*j - 3. Let u be 1/(3/6) - -6. Let v be d(u). Suppose 0 = 3*m - v. What is the units digit of m?
7
Let i be 3/3 - 1 - 1. Let x be ((-69)/i)/(3/2). What is the units digit of x/10 - 2/(-5)?
5
Let v(r) = 73*r - 33. What is the units digit of v(4)?
9
Suppose -z - 8 = -3*z. What is the units digit of z?
4
Suppose 2*p = -p + 15. Suppose a + 28 = p*a. Let g = -4 + a. What is the units digit of g?
3
Let q(f) = 2*f + 16. What is the tens digit of q(0)?
1
Suppose -17 = -3*y + 10. What is the units digit of y?
9
Suppose 0 = -6*w + w + 255. What is the units digit of w?
1
Suppose 10 = 4*t - 2. Suppose 48 = t*h + h. What is the units digit of h?
2
Let a be (17 - 1)*6/12. What is the units digit of -3 - a/(-4) - -25?
4
Let b(r) = -2*r**2 - r. Let g be b(1). What is the units digit of 1*14*(g + 5)?
8
Let p(m) = -m**2 + 7*m + 7. Let d be p(8). What is the units digit of (-29)/(-2) - d/(-2)?
4
Let b(i) = -4*i + 7. Let w(m) = m + 1. Let s(j) = b(j) + 5*w(j). What is the units digit of s(-9)?
3
Let m be 65/78 + (-2)/(-12). Let s be ((-6)/(-8))/(2/(-8)). What is the units digit of 2*s/m*-1?
6
Suppose 4*h = 5*n - 165, 5*n - 160 = 4*h - h. Let u be 258/21 - 4/14. Let z = n - u. What is the units digit of z?
7
What is the units digit of ((-24)/(-28))/(2/84)?
6
Suppose 0 = 2*i - 3*i - 37. Suppose -5*m = -m + 4*k + 244, 179 = -3*m + k. Let f = i - m. What is the units digit of f?
3
Let k(f) = 0*f + 2 - 3 + 2*f. What is the units digit of k(6)?
1
Suppose -3 = -t + 23. What is the tens digit of t?
2
Let k = -45 - -119. What is the tens digit of k?
7
Suppose 0 = 3*d + 15, -p + 3*d = -0*d - 91. What is the tens digit of p?
7
Suppose g + 0*g + 14 = 0. Let k = 20 + g. What is the units digit of k?
6
Let n be -1 - 0*(1 - 2). Suppose -y + 5 = 4*y. What is the units digit of 4 + -1 - (y + n)?
3
Let u be (-2)/8 + 9/4. Let d be (3/6)/(u/48). Let v = d - 2. What is the tens digit of v?
1
Let y = 29 + -18. What is the units digit of y?
1
Suppose 0 = -o - 5*j + 2, -2*o + 3*j + 0*j = -4. Let s = 14 - o. What is the units digit of s?
2
Suppose 0*f - 5*f = 5*g - 115, -5*f + 69 = 3*g. What is the units digit of g?
3
Let c be ((-80)/(-30))/(4/54). Suppose 0 = -3*d + c - 12. What is the tens digit of 8*18*1/d?
1
Let r be (7/(-14))/(1/(-8)). Suppose -14 = -r*j + 2*j. What is the units digit of j?
7
Suppose -t = 2*o - 3*t + 6, 12 = -5*o + 4*t. Suppose 22 = 2*l - 2*v, o = 5*l - v - 2*v - 65. What is the tens digit of l?
1
Let r(s) = -4*s - 2*s**2 + 0*s + 5 + 7*s + s**3 - 3*s**2. What is the tens digit of r(5)?
2
Suppose -1412 - 4573 = -21*n. What is the hundreds digit of n?
2
Let m(g) = -3*g - 7. What is the units digit of m(-4)?
5
Let l = 8 + -5. Suppose -5*j - 4*g - 14 = 0, l*j - 1 = 4*g - 3. What is the tens digit of (-16)/j*49/28?
1
What is the tens digit of 276*(4 - (-11)/(-3))?
9
Let i(c) = c**3 - c**2 + c + 7. What is the units digit of i(0)?
7
Suppose 2*z = -2*a, 23 + 12 = 3*z - 4*a. Suppose 4*d + d = 15. Suppose d*m - z = -2*m. What is the units digit of m?
1
Let p(j) = j**2 + 7*j + 3. Let g be p(-6). What is the units digit of (-2 - g) + (2 - -18)?
1
Let z be 1*(-2 - -1)*-4. Suppose -56 = -z*n - 12. What is the tens digit of n?
1
Suppose -2*q = -7*q + 380. What is the units digit of q?
6
Let p be (-187)/(-3) + (-8)/(-12). Suppose 0*o + 3*o = p. Let b = -9 + o.